h = -43 - u. What is the tens digit of h?
3
Let n(v) be the third derivative of -v**5/60 + 5*v**4/24 + 7*v**3/6 - 2*v**2. Suppose 2*o = 5*t + 3*o - 25, 3 = 3*t + 3*o. What is the units digit of n(t)?
1
Let y(x) = -x**2 + 5*x - 4. Let k(d) = -d**2 + d - 1. Let v(u) = -5*k(u) + y(u). What is the tens digit of v(-3)?
3
Let h(d) = 7*d + 9. What is the tens digit of h(5)?
4
Let j(l) = -l + 9. Let w be j(14). Suppose 3*y - 4*t = -0*t - 8, -5*t = 2*y + 13. Let m = y - w. What is the units digit of m?
1
Suppose 6*b - 12 = 3*b. What is the units digit of ((-3)/(-6))/(2/b)?
1
Let r be (-186)/(-14) + 2/(-7). Let d be r/4 - 21/(-28). Suppose -13 = -d*c - 1. What is the units digit of c?
3
Suppose 0 = -4*d + 3*d + 36. What is the tens digit of d?
3
Suppose 0 = 3*b - b + 16. Let g be (1 + 6)*4/28. What is the units digit of (b/(-2) - g) + 6?
9
Let q(d) = 4*d**2 - 2*d. Let v be q(2). Let a = v + -8. Suppose -w + 4 + 6 = -b, a*w - 3*b = 35. What is the units digit of w?
5
Let p = 231 + -124. What is the units digit of p?
7
Suppose -2*m + 3*g - 9 = -m, 5*m - 4*g + 1 = 0. Suppose o = 2*s, -o + m*o + 1 = 5*s. Let y = 4 + o. What is the units digit of y?
6
Let m(g) = -g**2 - 24*g - 3. What is the tens digit of m(-9)?
3
Let v be (1 + 2/10)*-5. Let y(z) = z + 14. What is the units digit of y(v)?
8
Suppose 3*b - 6*b - 12 = 0. Let i be (-10)/b + (-1)/(-2). What is the units digit of (5/i)/((-2)/(-12))?
0
Let z(x) = x**2 - 21*x - 60. What is the tens digit of z(26)?
7
Suppose -175 = -3*w - 70. What is the tens digit of w?
3
Suppose 1 = r - 2. Suppose -v - v + 6 = 2*k, 0 = -2*v - 4*k + 14. Let z = r - v. What is the units digit of z?
4
Let t be (-3)/5 + 3/5. Let o = t + 3. What is the units digit of o?
3
Suppose 56 = 4*b - 2*x - 60, -3*x = -b + 34. Suppose -22 = -2*p + b. What is the tens digit of p?
2
Let d(o) = o**3 - o**2 + 6. Let k be d(0). Suppose 4*r - k = r. What is the units digit of r?
2
Let c(d) = -2*d**2 + 14*d + 4. What is the tens digit of c(6)?
1
Suppose 175 = -3*n + 583. What is the hundreds digit of n?
1
Let s(d) = -d**3 + 3*d**2 + 5*d - 4. Let o be s(4). Let n(l) = -4*l**2 + 0*l + 3*l**2 + 0*l + 6. What is the units digit of n(o)?
6
Let k(b) = 7*b**2 + 2*b - 9. What is the units digit of k(3)?
0
Let q = -21 + 51. Suppose -2*d - q = 3*d. What is the units digit of d/(-2) + -2 + 0?
1
Suppose 2*n = -3*n + 10. Let h be -2 + 8 - (n - 0). Let l = h + 2. What is the units digit of l?
6
Let w(x) = -x**3 + 5*x**2 + 2*x + 7. Let o be w(5). What is the units digit of -3 + (o - (-1)/(-1))?
3
Suppose -i + 2*i = 2. Let v(q) = 2*q**3 - 3*q**2 + 3*q - 3. What is the units digit of v(i)?
7
Let l be -1*2*(-2 + 3). Let z be (l + 1 - -2)*2. What is the units digit of 1 - -3 - (z + -4)?
6
Suppose 2*n + 63 = 3*n - r, n = -2*r + 69. What is the units digit of n?
5
Suppose y - 3*h = -4*y + 50, 0 = 3*y + 2*h - 49. What is the units digit of y?
3
Let b(j) = -2*j**2 + 2*j - 1. Let k be b(1). Let o be (-6)/(k - 15/(-24)). Suppose -4*a + o = -0*a. What is the units digit of a?
4
Suppose -3*a = -3*p - 13 - 5, -5*p = 5*a + 10. Suppose 2*z = -i + 110, 4*i + 120 = a*z + 30. What is the tens digit of z?
5
Let k = -129 - -289. What is the units digit of k?
0
Suppose 4*q = q. Suppose q = -i + 6 - 0. What is the units digit of i?
6
Let z(f) = f + 175. What is the tens digit of z(0)?
7
Let q(l) be the second derivative of l**4/12 - l**3/2 + 2*l**2 + 2*l. What is the tens digit of q(5)?
1
Suppose 3*i = 85 + 62. What is the tens digit of i?
4
Let n(z) = -z**3 - 4*z**2 - 5*z - 3. Suppose 3*m - 7*m = 0. Suppose 3*v - 2*b = -11, -v + m*v - b = 2. What is the units digit of n(v)?
3
Suppose 0 = -4*x - 3*c - 11, 5*c + 13 = -3*x - 9. Let l = x + 7. What is the units digit of l?
8
Suppose 4*d - 80 = -0*d. What is the units digit of d?
0
What is the units digit of 81/(4/((-24)/(-9)))?
4
What is the hundreds digit of 3 + -2 + (152 - 2)?
1
Let n(w) = w**2 - 4*w - 6. What is the tens digit of n(8)?
2
Let z(f) = 79*f**2 - 5*f + 2. What is the hundreds digit of z(2)?
3
Let s(m) = 3*m**3 - 1. Let c = -5 + 6. Let d be s(c). Suppose 26 + 4 = d*j. What is the units digit of j?
5
Let q(k) = -2*k + 1. Let s be q(-4). Let v = s - -6. What is the tens digit of v?
1
Let d(b) = 2*b + 10. Let k be d(-7). Let p be 18/4*24/36. What is the tens digit of p/(-24)*22*k?
1
What is the units digit of (-8 + 0 + 12)/((-4)/(-26))?
6
Let u be 32/6 - (-4)/6. Let r(a) = 2*a - 7. What is the units digit of r(u)?
5
Let n(w) = -w + 15. Let b be n(-9). What is the tens digit of (b/5)/((-3)/(-30))?
4
Let w(x) = 2*x**3 + x**2 + 3*x + 1. What is the tens digit of w(3)?
7
Let w(c) = -c**2 + 13*c - 8. Let i(o) = -3*o**2 + 38*o - 23. Let y(g) = 2*i(g) - 7*w(g). What is the units digit of y(15)?
0
Suppose 3*w - 56 = 25. What is the units digit of w?
7
Suppose 2*f = -4 - 22. Let x = 21 + f. What is the units digit of x?
8
Suppose -2*d - 198 = -4*d. What is the units digit of (-6)/(-21) + d/21?
5
Let m be (-100)/(-6) - 8/12. Let o = -5 + m. What is the tens digit of o?
1
Let p(i) = 15*i**3. Let n = -2 - -3. Let f be p(n). Suppose 3*z = -f, -x - z - z - 2 = 0. What is the units digit of x?
8
Let r(h) = -h**3 - 6*h**2 - 3*h - 15. What is the units digit of r(-7)?
5
Let p = -1 - 0. Let c be 0/((p - 1) + 1). What is the units digit of (2 - (0 + -2)) + c?
4
Suppose -p + 4*p = 87. Let y = 0 + p. What is the units digit of y?
9
Let b(n) = -2*n**3 - 10*n**2 - 3*n - 3. Let h(k) = -3*k**3 - 19*k**2 - 7*k - 7. Let f(w) = 5*b(w) - 3*h(w). What is the tens digit of f(7)?
4
Let a = -47 - -66. What is the tens digit of a?
1
What is the hundreds digit of -2 + (-28)/(-12) - (-440)/3?
1
Suppose 3*n - 4*s = 116, 3*n + 3*s = -15 + 117. What is the units digit of n?
6
Let v(m) = 3*m**2 + 5*m + 2. Suppose 5*q = 3*k + 4*q + 4, -k + 4*q = -17. What is the tens digit of v(k)?
1
Let y(r) = 3 + r + 5 - 2*r. What is the units digit of y(6)?
2
Let u = 27 + 15. Suppose 106 = 4*t - u. What is the tens digit of t?
3
Let p(r) = -3*r - 1. Let g be 4/(-16) + 9/4. Let q be g/(-2)*(-2 + 3). What is the units digit of p(q)?
2
Let y = -13 + 15. What is the units digit of y?
2
Let a = 9 - 17. Suppose 20 = -t + 8. Let x = a - t. What is the units digit of x?
4
Suppose 2*x - 114 = -x. Let q = -26 + x. Let s = q + -8. What is the units digit of s?
4
Let q = 101 - 25. What is the tens digit of q?
7
Let f(x) = x**3 - 8*x**2 + 9*x - 6. What is the units digit of f(8)?
6
Let s(z) = z**2 - 3*z. Let g be ((-2)/(-6))/((-3)/(-36)). What is the units digit of s(g)?
4
Suppose 11 = 4*y - 1. Let m be 25 + y + (-1 - -4). Suppose m = z + 4*b - 1, z - 28 = -3*b. What is the units digit of z?
6
Suppose 3*w - 1 - 97 = 4*r, -5*r - 5*w - 140 = 0. Let v = -18 - r. Suppose v + 16 = 4*a. What is the units digit of a?
6
Let p(i) = -i**3 + 3*i**2 + 5*i. Let w(v) = v**2 - 5*v + 4. Let k be w(5). What is the units digit of p(k)?
4
Let t(o) be the third derivative of 2*o**2 - 3/2*o**3 + 1/120*o**6 + 5/24*o**4 + 2/15*o**5 + 0*o + 0. What is the units digit of t(-7)?
5
Let w(r) = r**2 + r + 17. Let s be w(0). Let g = s - 7. What is the units digit of 4/g - 9/(-15)?
1
Let v(n) = 6*n**2 + 0*n + 2 - 2*n - 2*n**2 + n. What is the units digit of v(-2)?
0
Let y = 415 - 147. What is the hundreds digit of y?
2
Let h(x) = x**3 - 2*x**2 - x + 3. Let i(r) = r**3 - 4*r**2 + 2*r + 4. Let f be i(3). Suppose 4 = n + f. What is the units digit of h(n)?
9
Suppose 5*b = -20, -13 = -2*t + 2*b - 5. Let g = -2 - t. Let j(d) = -d**3 + d**2 - 1. What is the tens digit of j(g)?
1
Let o(i) = -i**3 + 11*i**2 - 14*i - 17. What is the units digit of o(9)?
9
Let p(c) = -35*c + 19. What is the hundreds digit of p(-6)?
2
Suppose -2*d + 0 = 3*c + 4, -3*c + d = -11. Let j = 4 - c. What is the units digit of j?
2
Let n be 24/(-9)*3/(-2). Suppose i = -4*s + 35, 0*i + n = -4*i. Suppose -s = -2*b + b. What is the units digit of b?
9
Let a(p) be the second derivative of p**3/2 - 2*p**2 - p. Suppose -5*x + 17 = -3*y, -3*x + 5 = 4*y - 11. What is the units digit of a(x)?
8
Let d(a) = 4*a + 0 - a + 2*a**2 + 3. Let k be d(3). Suppose 0 = -j + 5*q - 20, 3*q = -2*j - q + k. What is the units digit of j?
5
Let p(z) = z**2 + z - 1. Let l be p(1). Suppose 4*v + 4*u - 16 = 0, 2*u - l = -5*v + 28. What is the units digit of v?
7
Let a(h) = -h**2 + 6*h - 5.